ulate the remainder when 84 is divided by 22.
18
What is the remainder when 70 is divided by 49?
21
What is the remainder when 202 is divided by 42?
34
What is the remainder when 536 is divided by 28?
4
Calculate the remainder when 3004 is divided by 97.
94
What is the remainder when 37881 is divided by 33?
30
Calculate the remainder when 632 is divided by 243.
146
Calculate the remainder when 1034 is divided by 260.
254
What is the remainder when 1842 is divided by 11?
5
What is the remainder when 179 is divided by 174?
5
Calculate the remainder when 61 is divided by 55.
6
What is the remainder when 1951 is divided by 21?
19
What is the remainder when 6596 is divided by 88?
84
What is the remainder when 31 is divided by 3?
1
Calculate the remainder when 189 is divided by 109.
80
Calculate the remainder when 215 is divided by 13.
7
Calculate the remainder when 24 is divided by 23.
1
What is the remainder when 808 is divided by 7?
3
What is the remainder when 1205 is divided by 206?
175
Calculate the remainder when 402 is divided by 135.
132
Calculate the remainder when 317 is divided by 29.
27
What is the remainder when 97 is divided by 55?
42
Calculate the remainder when 1065 is divided by 11.
9
Calculate the remainder when 3598 is divided by 50.
48
What is the remainder when 245 is divided by 62?
59
What is the remainder when 95 is divided by 27?
14
What is the remainder when 3171 is divided by 61?
60
Calculate the remainder when 215 is divided by 163.
52
What is the remainder when 549 is divided by 114?
93
What is the remainder when 190 is divided by 16?
14
Calculate the remainder when 124 is divided by 37.
13
Calculate the remainder when 5297 is divided by 442.
435
What is the remainder when 467 is divided by 224?
19
Calculate the remainder when 287 is divided by 212.
75
Calculate the remainder when 153 is divided by 33.
21
Calculate the remainder when 51907 is divided by 33.
31
Calculate the remainder when 1948 is divided by 641.
25
Calculate the remainder when 3609 is divided by 29.
13
What is the remainder when 242 is divided by 9?
8
What is the remainder when 867 is divided by 8?
3
Calculate the remainder when 630 is divided by 170.
120
What is the remainder when 517 is divided by 75?
67
Calculate the remainder when 1112 is divided by 9.
5
Calculate the remainder when 107 is divided by 9.
8
What is the remainder when 677 is divided by 251?
175
Calculate the remainder when 270 is divided by 121.
28
What is the remainder when 405 is divided by 58?
57
What is the remainder when 127 is divided by 68?
59
Calculate the remainder when 152 is divided by 25.
2
Calculate the remainder when 3290 is divided by 18.
14
What is the remainder when 798 is divided by 47?
46
What is the remainder when 532 is divided by 122?
44
What is the remainder when 5416 is divided by 42?
40
Calculate the remainder when 417 is divided by 38.
37
Calculate the remainder when 73 is divided by 19.
16
Calculate the remainder when 223 is divided by 43.
8
Calculate the remainder when 18 is divided by 16.
2
Calculate the remainder when 255 is divided by 43.
40
What is the remainder when 1793 is divided by 311?
238
What is the remainder when 565 is divided by 11?
4
What is the remainder when 16486 is divided by 72?
70
What is the remainder when 17954 is divided by 18?
8
What is the remainder when 172 is divided by 44?
40
What is the remainder when 17547 is divided by 65?
62
What is the remainder when 84 is divided by 38?
8
What is the remainder when 348 is divided by 51?
42
What is the remainder when 140 is divided by 16?
12
What is the remainder when 324 is divided by 17?
1
Calculate the remainder when 1240 is divided by 69.
67
Calculate the remainder when 360 is divided by 142.
76
Calculate the remainder when 150 is divided by 57.
36
What is the remainder when 701 is divided by 19?
17
What is the remainder when 148 is divided by 25?
23
What is the remainder when 385 is divided by 233?
152
What is the remainder when 464 is divided by 78?
74
Calculate the remainder when 125 is divided by 18.
17
What is the remainder when 804 is divided by 26?
24
What is the remainder when 494 is divided by 31?
29
Calculate the remainder when 615 is divided by 160.
135
Calculate the remainder when 191 is divided by 72.
47
What is the remainder when 93 is divided by 49?
44
Calculate the remainder when 781 is divided by 16.
13
What is the remainder when 3399 is divided by 121?
11
What is the remainder when 108 is divided by 100?
8
What is the remainder when 24 is divided by 15?
9
What is the remainder when 4757 is divided by 70?
67
What is the remainder when 1133 is divided by 18?
17
Calculate the remainder when 746 is divided by 44.
42
Calculate the remainder when 895 is divided by 179.
0
What is the remainder when 59 is divided by 17?
8
Calculate the remainder when 56 is divided by 25.
6
Calculate the remainder when 186 is divided by 34.
16
What is the remainder when 4607 is divided by 16?
15
Calculate the remainder when 1161 is divided by 83.
82
What is the remainder when 331 is divided by 120?
91
What is the remainder when 1117 is divided by 100?
17
Calculate the remainder when 4778 is divided by 1191.
14
What is the remainder when 2927 is divided by 101?
99
Calculate the remainder when 272 is divided by 25.
22
Calculate the remainder when 832 is divided by 167.
164
Calculate the remainder when 3652 is divided by 21.
19
What is the remainder when 153 is divided by 82?
71
Calculate the remainder when 1026 is divided by 21.
18
What is the remainder when 691 is divided by 229?
4
What is the remainder when 55 is divided by 24?
7
Calculate the remainder when 3833 is divided by 34.
25
Calculate the remainder when 76 is divided by 18.
4
Calculate the remainder when 1703 is divided by 566.
5
Calculate the remainder when 135 is divided by 84.
51
Calculate the remainder when 380 is divided by 98.
86
Calculate the remainder when 767 is divided by 24.
23
Calculate the remainder when 1122 is divided by 45.
42
Calculate the remainder when 147 is divided by 15.
12
Calculate the remainder when 3346 is divided by 129.
121
What is the remainder when 68 is divided by 31?
6
What is the remainder when 58 is divided by 6?
4
Calculate the remainder when 1153 is divided by 222.
43
Calculate the remainder when 50 is divided by 6.
2
Calculate the remainder when 1159 is divided by 58.
57
What is the remainder when 201 is divided by 99?
3
Calculate the remainder when 822 is divided by 174.
126
What is the remainder when 199 is divided by 105?
94
Calculate the remainder when 132 is divided by 15.
12
What is the remainder when 346 is divided by 61?
41
Calculate the remainder when 217 is divided by 13.
9
Calculate the remainder when 170 is divided by 70.
30
Calculate the remainder when 337 is divided by 85.
82
What is the remainder when 1457 is divided by 23?
8
Calculate the remainder when 3337 is divided by 223.
215
What is the remainder when 494 is divided by 31?
29
What is the remainder when 1682 is divided by 9?
8
What is the remainder when 2535 is divided by 224?
71
Calculate the remainder when 1494 is divided by 88.
86
Calculate the remainder when 588 is divided by 54.
48
Calculate the remainder when 964 is divided by 14.
12
What is the remainder when 426 is divided by 13?
10
Calculate the remainder when 3925 is divided by 127.
115
Calculate the remainder when 7846 is divided by 3.
1
Calculate the remainder when 184 is divided by 47.
43
What is the remainder when 222 is divided by 103?
16
Calculate the remainder when 1034 is divided by 257.
6
Calculate the remainder when 1483 is divided by 5.
3
What is the remainder when 16528 is divided by 145?
143
Calculate the remainder when 76 is divided by 7.
6
What is the remainder when 835 is divided by 737?
98
What is the remainder when 375 is divided by 19?
14
Calculate the remainder when 508 is divided by 36.
4
What is the remainder when 3547 is divided by 91?
89
Calculate the remainder when 666 is divided by 143.
94
What is the remainder when 810 is divided by 265?
15
Calculate the remainder when 1729 is divided by 100.
29
What is the remainder when 6366 is divided by 2117?
15
What is the remainder when 137 is divided by 129?
8
What is the remainder when 862 is divid